What are the prime factors of u(35)?
5281
List the prime factors of 6/3 + 4 + (1126 - 3).
1129
Suppose 0*x + 2*l + 124 = 3*x, -x = 5*l - 47. Let h be (28/x)/(4/30). Suppose -h*k + 36 = -224. List the prime factors of k.
2, 13
Suppose w = 4*w + 4*w. Suppose -4*d - 186 + 486 = w. What are the prime factors of d?
3, 5
Suppose z - 579 = 4*w, -5*w - 16 = -w. What are the prime factors of z?
563
Let f(n) = n**2 + 6*n + 5. Let x be f(-5). Let s be x/1 - -1 - -55. Suppose 3*h - 4*w - s = -h, -4*h - 3*w = -42. What are the prime factors of h?
2, 3
Suppose 0 = 23*o - 27176 - 36120. What are the prime factors of o?
2, 43
Let n(z) = 12*z**2 - 6. Let g be n(-3). Let k = g + 22. What are the prime factors of k?
2, 31
Let c(n) = 2*n**2 - 32*n + 2. Let z be c(16). Let i(g) = 3*g - 2. What are the prime factors of i(z)?
2
Let t = 1026 + -688. What are the prime factors of t?
2, 13
Let a be (-29 + 11)*4/(-6). Suppose -3*v + 6 = -a. Let k(o) = -o**3 + 7*o**2 - 5*o + 12. What are the prime factors of k(v)?
2, 3
Let a = 21 + -30. Let u(c) = 2*c**2 + c - 17. What are the prime factors of u(a)?
2, 17
Let p = 612 + 710. List the prime factors of p.
2, 661
Let d be ((-16)/3)/(-2)*-3. Let m(p) = p**3 - 4*p**2 - 3*p - 13. Let k be m(5). What are the prime factors of (d/(-6))/(k/(-36))?
2
Let o = 36 + -25. Suppose -8*y = -o*y + 228. What are the prime factors of y?
2, 19
Let j = -1602 - -2294. What are the prime factors of j?
2, 173
What are the prime factors of 2/(-3) + (-163380)/(-315)?
2, 7, 37
Let w(s) = 176*s - 1008. What are the prime factors of w(30)?
2, 3, 89
Let b(j) = 78*j**2 + 9*j + 80. What are the prime factors of b(-8)?
2, 5
Suppose -9 = -3*j + 6*j. What are the prime factors of (41 - (j + 2))/(5 + -4)?
2, 3, 7
What are the prime factors of (-1 - (770 - 5))*-1?
2, 383
List the prime factors of 86/1290 + 30418/30.
2, 3, 13
Suppose -4*x = x - 375. Let p = 91 + -37. Let m = x - p. List the prime factors of m.
3, 7
Let c = -587 + 1003. List the prime factors of c.
2, 13
Suppose -c + 42 = -38. Let q = -42 + c. List the prime factors of q.
2, 19
Suppose -26*i + 5 = -25*i. Suppose 940 = i*d - 320. List the prime factors of d.
2, 3, 7
Suppose 0 = 4*y + 3*n - 1499, -5*y + 1446 = n - 436. List the prime factors of y.
13, 29
Let r = -90 - -90. List the prime factors of 24*(r + 4) + -5.
7, 13
Let o = -1514 - -2842. List the prime factors of o.
2, 83
Let h = -104 + 106. List the prime factors of 0 + h - (2 - 3 - 155).
2, 79
What are the prime factors of (19 - 44) + 25 + 1063*4?
2, 1063
Suppose 4*m + 1 - 9 = 0. Suppose -m*k - 2 = -4. Suppose -4*b + k = -99. What are the prime factors of b?
5
Let s = 89 + -99. Let a(m) = 3*m - 7*m + 9 + 6 + 1. List the prime factors of a(s).
2, 7
Suppose -13*g + 5*o + 2445 = -8*g, 5*o - 999 = -2*g. What are the prime factors of g?
2, 3, 41
Let p(m) = -m**2 - 2*m + 6. Let x = -10 - -15. Suppose -14 = x*f + 1. What are the prime factors of p(f)?
3
Suppose 3*r = 2*r + h - 573, -h + 2849 = -5*r. Let j = 851 + r. What are the prime factors of j?
2, 3, 47
List the prime factors of (-15039)/(-6) + -10 + (-2)/(-4).
11, 227
Let v = 3989 - 2348. What are the prime factors of v?
3, 547
Suppose 5*s = 2*k + 47, -5*s + 3*k + 41 = 7*k. Let h = s + 43. What are the prime factors of h?
2, 13
Suppose 64 - 23 = 4*r - 5*n, 4*n = 2*r - 28. Suppose 3*g - 2*f - 64 = 0, -3*g + f - r*f = -39. List the prime factors of 2/(-1)*-1*g.
2, 3
List the prime factors of ((-50)/(-8))/(8/928).
5, 29
Let h(x) = x - 9. Let n be h(8). Let l be ((-8)/2)/(n*2). What are the prime factors of (-312)/(-9) - l/3?
2, 17
Let f(h) = -7*h + 2*h**2 - 2 + 79*h**2 + 61*h**2 - 4. List the prime factors of f(-1).
11, 13
Let c = 429 - 210. Suppose -c = -2*v - v. List the prime factors of v.
73
Suppose -11*f + 14*f - 12 = 0. Suppose -6*g = -11*g + 10, 2*g = -f*v + 236. List the prime factors of v.
2, 29
Let k = 373 - 178. What are the prime factors of k?
3, 5, 13
Let g(a) = 8*a**2 + 21*a. What are the prime factors of g(7)?
7, 11
Let y = -72 - -74. Suppose -5*l - 184 = -y*u, -1 + 87 = u - l. List the prime factors of u.
2, 41
Let n(g) = -10*g - 15. Let k(s) = s**2 - 5*s + 4. Let t be k(5). Suppose -y - 23 = 2*h, h - y + 40 = -t*h. List the prime factors of n(h).
3, 5
Let s(x) = -5*x**3 + 5*x**2 + 4*x + 3. What are the prime factors of s(-6)?
3, 7, 59
What are the prime factors of (-31682)/(-7) + (4 - 9)?
3, 11, 137
Suppose 4*b - 30 = 5*r + b, 4*b = -r + 17. List the prime factors of (-414 - r)*1/(-3).
137
Let n(y) = -22*y**3 - 2*y**2 - 3*y + 8. What are the prime factors of n(-3)?
593
Suppose 2*m = -y + 1403, -3508 = -7*m + 2*m - 2*y. List the prime factors of m.
2, 3, 13
Let x be 14*(-1)/(-4)*-2. Let g be 3 + (-3 - -3 - (1 - 3)). Let q = g - x. What are the prime factors of q?
2, 3
Let c(t) = -t + 11. Let s be c(3). Let z(r) = r + 8. List the prime factors of z(s).
2
Let f(q) = q**3 + 6*q**2 - 7*q + 4. Let z be f(-7). Suppose 0 = -2*a + 4*w + 176, 0 = z*a + 7*w - 3*w - 304. List the prime factors of a.
2, 5
Let q(a) = 20*a**2 + 38*a + 3. List the prime factors of q(-6).
3, 5, 11
Suppose -4*s - 4*y = -7*y - 3391, -3386 = -4*s - 2*y. What are the prime factors of s?
7, 11
Suppose 15 = 3*h, -3*p - 76 = -5*p - 2*h. Suppose 931 + p = 4*z + 5*w, 4*w + 1000 = 4*z. What are the prime factors of z?
2, 3, 41
Suppose -15251 - 5917 = -24*m. List the prime factors of m.
2, 3, 7
Let s = 22 - 20. Suppose -3*w - 601 = -5*r, s*r - 334 = -w - 87. What are the prime factors of r?
2, 61
Suppose 6*u = 5*z + 11*u - 21915, 2*u = 2*z - 8770. What are the prime factors of z?
2, 137
Let o = -80 + 134. Let y = o + -17. List the prime factors of y.
37
Let a(p) = p**3 + 5*p**2 - 5*p - 3. Let x be a(-5). Suppose -x = -3*q + 2*q. List the prime factors of q.
2, 11
List the prime factors of 42219/18*-1*-2.
4691
Let q(d) = 10*d - 80. What are the prime factors of q(28)?
2, 5
Let d = -20 + 26. Suppose -2*v + d + 22 = 0. List the prime factors of v.
2, 7
Let p(u) = 2*u**2 + 4 - 1 - u**3 - 2*u + u**2 - 16*u**2. Suppose 4*t - 5*c + 67 = 0, 30 = t - 4*t - 3*c. List the prime factors of p(t).
29
Let t(h) = 3*h + 9*h - 31 + 15. Let l be t(7). Suppose -w + l = 4*j - 3*w, -4*w = -4*j + 76. What are the prime factors of j?
3, 5
Suppose 8*p - 20 = 4*p. Suppose 3*f = -p*k - 10, -4*f - f = -2*k - 4. Suppose 3*w - 5*d - 161 + 19 = 0, -4*w + d + 212 = f. List the prime factors of w.
2, 3
Suppose 17*w + 39 = 4*w. What are the prime factors of (1085/(-15))/7*w?
31
Let o = -832 + 1630. What are the prime factors of o?
2, 3, 7, 19
Suppose 0 = 15*w - 47*w + 3840. What are the prime factors of w?
2, 3, 5
Suppose 9 = -g + 14. Let i be ((-1474)/55)/((-2)/g). Suppose 2*s + 5*q - i = -24, -4*s = 4*q - 56. List the prime factors of s.
3
Suppose -218711 = -40*h + 3129. List the prime factors of h.
2, 47, 59
Suppose 4*w + w - 31 = n, 5*n + 17 = 2*w. Suppose -3*r = 2*p + 2, -2*p - r - w = 3*r. Suppose 3*d - 2*d + 4 = 4*c, -p*c = -2*d + 7. List the prime factors of d.
2
Let i(f) = -9*f**3 - 10*f**2 + 26*f - 2. What are the prime factors of i(-6)?
2, 23, 31
Suppose -4*k = 4*o - 6420, 10*o = k + 5*o - 1575. What are the prime factors of k?
2, 5
Suppose -88 - 148 = 4*f. Let u = -5 - f. List the prime factors of u.
2, 3
Suppose -2*x = -6*x - 4. Let t = 1 - x. Suppose 0 = -5*s + t*s + 33. What are the prime factors of s?
11
Suppose -4*n - 37 = 19. Let f = n + 18. Suppose -30 = -f*m - 6. What are the prime factors of m?
2, 3
Let g(h) = 26*h**2 - 45*h + 152. List the prime factors of g(16).
2, 761
Let o(y) = -y**3 + 11*y**2 + 11*y - 29. Let m be o(12). Let x = 63 + m. List the prime factors of x.
2, 11
Let s = -8 - -20. Let j = 26 - s. List the prime factors of j.
2, 7
List the prime factors of (475/285)/(1/1365).
5, 7, 13
Let z(s) be the second derivative of s**3/6 - 4*s**2 + s. Let d be z(11). Suppose 2*h - 3*u = 21 - 8, -3*u = d. What are the prime factors of h?
5
Suppose 5*a = 1514 - 249. Let x = a - 157. List the prime factors of x.
2, 3
Let k(l) = l**3 + l**2 - 2*l + 3. Let w be k(0). Suppose -3*i = -5*n + 59, w*n - 31 = -2*i + 6*i. List the prime factors of n.
13
Suppose -5*w - 2*t = -32, 0 = w + 2*t - t - 4. Let s = w + -5. Suppose -106 = -3*c - c - n, -s*c - 2*n = -82. List the prime factors of c.
2, 13
Let f(b) = b**3 + 4*b**2 - 3*b. Let v be f(-